3 - 5*q**2 + 5*q. Let l be 2*(-2 - -7 - 3). Let c be v(l). Suppose c*o + 7 = 27. Let t(w) = w**2 - 6*w + 6. Calculate t(o).
1
Suppose 0 = 5*o + r + 2, -4*o = -0*r + 5*r - 11. Let a be -9*o/(36/8). Let v(i) = -2*i**a + 41*i + 3*i**2 + 3 - 35*i. Determine v(-6).
3
Let q(o) = -2*o**2 - o + 108. Suppose 254*b - 2415 = -76*b - 15*b. What is q(b)?
3
Let s(w) = 5*w**2 + 11*w - 1. Suppose -9*v + 360 = 45. Let d(p) = 67 - 32 - v - 2*p**2 - 5*p. Let n(o) = -7*d(o) - 3*s(o). Determine n(-2).
-5
Let b(a) = a**3 - 8*a**2 - 9*a - 5. Let v be 48/9*21/28. Suppose v*y + 12 + 8 = 0, 2*u + 3*y = -15. Let o be (-54)/24*-4 - (0 - u). Calculate b(o).
-5
Let r(v) be the second derivative of -v**5/20 - 2*v**4/3 + 10*v**3/3 + 8*v**2 + 5874*v. What is r(-10)?
16
Let j(a) = -a**3 - 31*a**2 + 66*a - 4. Suppose -t - 3*d = 9, -3*t + 13*d = 10*d + 123. Give j(t).
-4
Let r(z) = 1615*z - 24 - 3216*z + 17*z**2 + 1652*z - z**3 + 6*z**2. What is r(25)?
1
Let x(f) be the second derivative of f**5/20 - 25*f**4/12 - 28*f**3/3 + 45*f**2/2 + 24*f + 51. Give x(27).
-9
Let r(o) = o**2 + 9*o + 25. Suppose -3*l + 4*m = 46, 24*l - 3*m = 23*l - 22. Determine r(l).
35
Let l = -486 - -450. Let x be ((-35)/(-30))/((-6)/l*1). Let k(d) = d**3 - 8*d**2 + 5*d + 8. What is k(x)?
-6
Let j(i) = 2*i**2 - 3*i + 14. Suppose 3*u + 4*n - 836 = -818, -n = u - 6. Determine j(u).
68
Let m(z) = -z**3 - 28*z**2 + z + 33. Let h = 196 - 224. Let a be m(h). Let g(r) = r - 6. What is g(a)?
-1
Let t be (-3)/(-6)*((-42408)/(-18))/(-19). Suppose -3*i = -i - 120. Let y = t + i. Let z(m) = -m**3 - m**2 - m + 2. Determine z(y).
8
Let y(r) = -2*r + 9. Let n be (12 + 8 + -17)/(6/10). Suppose -n*d - 2 + 14 = -m, -3*d + 28 = 2*m. Calculate y(m).
-7
Let h be 0 + 5 + ((-12)/3 - -5). Let m(s) = s**2 + 6*s - 17. Let d be m(h). Let n(f) = -10*f - 12*f - d - f + 56. Give n(1).
-22
Let o be (0 + 1 + 0)*1. Let z(l) = -6*l**2 + o + l**2 - 4*l**2 + 2*l - 2. What is z(1)?
-8
Let q(k) = k + 6. Let w(j) = j + 7. Let p(d) = 4*q(d) - 3*w(d). Calculate p(7).
10
Suppose -5*r = 10, 13*p - 2*r - 16 = 16*p. Let i(j) = j**3 + 7*j**2 + 6*j + 2. Calculate i(p).
26
Let b(n) = 3*n - 34. Let u(c) = 151*c - 896. Let l be u(6). Give b(l).
-4
Let d(n) = n**3 - 3*n**2 - 5*n + 7. Suppose 2*s - 106*f = -109*f - 8, 8 = 4*s + 2*f. What is d(s)?
32
Suppose -k + 29*o = -60, 24*k = 23*k - 2*o - 2. Let l(d) = -17*d + 13. Determine l(k).
-21
Let m(v) = 5*v**3 - 8124*v - 3*v**3 + v**3 + 8127*v + 5*v**3 + 2. Let i(t) = t**2 - 7*t - 1. Let o be i(0). Determine m(o).
-9
Suppose -35*m - 14 = -42*m. Let y(d) = 0*d**3 - 13*d + 8*d + 2 + 5*d**m - d**3 + 4*d. Calculate y(4).
14
Suppose 7*f - 2292 = 11*f. Let r = -566 - f. Let a(i) = 2*i - 21. Calculate a(r).
-7
Let b(f) = -2*f - 21. Let y be b(-13). Suppose -y*l + g = -92, 0 = 7*l - 10*l + g + 54. Let t(c) = 2*c - 37. Determine t(l).
1
Let f(z) = 18*z**3 - z**2. Suppose 5*n - 30*u - 150 = -27*u, 0 = 4*n + 4*u - 120. Let v be -2*(3 + n/(-12)). Calculate f(v).
-19
Let m = 759 + -777. Let g(w) = -w**2 - 19*w - 35. Give g(m).
-17
Let y(c) be the third derivative of -c**5/60 + 3*c**4/8 + 2*c**3/3 - 1122*c**2. Give y(10).
-6
Let s(x) be the second derivative of -2*x**3/3 + 134*x. Let y be (-2 + -2)/4 + -2 + 5. What is s(y)?
-8
Let q = -70 + 76. Suppose -15 = -y + 4*p, y - p + q = -4*p. Let w(i) = i - 1. Give w(y).
2
Let u(p) = -p**3 + 3*p**2 - 3*p - 7. Let o(x) = x**3 - 4*x**2 + 3*x + 8. Let i(z) = -4*o(z) - 5*u(z). Give i(-3).
-24
Let n(w) = 11*w**3 + 5*w**2 - 20*w + 59. Let f(x) = 4*x**3 + x**2 - 7*x + 21. Let u(o) = -8*f(o) + 3*n(o). Calculate u(-7).
37
Let n(r) be the third derivative of -r**4/24 + r**3/3 + 2186*r**2. Suppose 0 = -2*c + 3*c + 6. Calculate n(c).
8
Let l be (-8)/((-15)/(90/(-24))). Let h(x) = -3*x + x**2 + 1 + 3*x**3 - 3*x**3 + x**3. What is h(l)?
3
Let o be (1 - 5) + -15 + -4. Let p = -40 - o. Let a = p + 25. Let l(q) = q - 9. What is l(a)?
-1
Let p(x) = 6 + 6998*x + 6994*x - 13994*x. Calculate p(-7).
20
Suppose 189*n - 739*n + 28 + 522 = 0. Let q(s) = 54*s - 50. Give q(n).
4
Suppose 5*a - 21 = 2*a. Let y(p) = -2*p**3 + 14*p**2 - p + 5. What is y(a)?
-2
Let h(m) be the third derivative of m**6/240 - m**5/30 - 3*m**4/2 + 5*m**2 - 3. Let j(p) be the second derivative of h(p). What is j(4)?
8
Let w(d) be the first derivative of -d**4/4 + 11*d**3/3 - 9*d**2/2 - 13*d - 1. Let j = 398 - 395. Suppose -46 = -j*c - 4*g, -3 = 4*c + 2*g - 51. Determine w(c).
-3
Suppose -209 - 484 = -21*g. Suppose -3 = 3*m - 2*m, -4*v - 3*m = g. Let s(u) = u**3 + 7*u**2 + 6*u - 9. Determine s(v).
-9
Let w be 4/6*300/40. Suppose -36 = -w*y - 4*d, 0 = y - 3*d + 8. Suppose -14 = -2*t + 3*q, 20 = -0*t + y*t - 4*q. Let a(s) = -12*s**2 + s - 1. Calculate a(t).
-12
Let j(a) = 10*a - 23. Let g(t) = 2*t**3 - 90*t**2 - 186*t - 85. Let m be g(47). Give j(m).
67
Let z = 91 - 99. Let i(o) be the second derivative of o**4/12 + 7*o**3/6 + o**2/2 + 179*o. Calculate i(z).
9
Let x = 106 + -106. Suppose -l - 1 = -0, x = 3*g + 5*l - 4. Let y(a) = -2*a**3 + 3*a**2 - a - 4. Calculate y(g).
-34
Let u(l) = 7*l - 7. Suppose -y - 7 = -k, 3*y + 5*k + 14 = k. Let i(p) = 20*p - 20. Let g = 43 - 26. Let o(z) = g*u(z) + y*i(z). What is o(0)?
1
Let r(p) = -p**3 - 4*p**2 - 4*p - 2. Let t be r(-3). Let q(m) = m**2 - 4*m**2 - 3*m - t + 0*m. Let y = 1816 + -1818. Give q(y).
-7
Let u(j) = j**2 + 14*j + 27. Suppose -201 = -17*q - 405. Calculate u(q).
3
Let k = -60 + 30. Let r = 32 + k. Let j(v) = -v**3 - v**2 - v - 1. Let f(b) = -4*b**3 - 7*b**2 - 6*b - 3. Let n(z) = f(z) - 5*j(z). Give n(r).
0
Let j(h) = -26*h + 89. Let y(p) = 13*p - 45. Let z(d) = 4*j(d) + 7*y(d). Let t be z(4). Let o(n) = n**2 + 10*n. Determine o(t).
11
Let w(h) = -h - 13. Suppose 55*l - 288 = 7*l. What is w(l)?
-19
Suppose -51 + 171 = 4*r. Let p be 3/(r/158) + 24/(-30). Let b be (12/(-18))/(p/9 + -1). Let y(c) = 24*c**2 + 2*c + 1. What is y(b)?
23
Suppose -11*v = 3332 - 1187. Let i = 187 + v. Let y(c) = c + 1. Let m(b) = -1. Let r(a) = -4*m(a) + y(a). Calculate r(i).
-3
Suppose -3*o + 14 = -4*u, 0*o - o = u. Let f(l) = 4*l - 4 + 4 - 5*l + l**o - 4. Let n(j) = 19*j + 19. Let v be n(-1). Determine f(v).
-4
Let c(u) = 7*u**3 + 8*u**2 - 11*u - 13. Let d(h) = 33*h - 20*h**3 + 3*h**2 - 27*h**2 + 39 + 0*h**2. Let y(o) = 17*c(o) + 6*d(o). Determine y(-9).
-5
Let n(k) = -1641*k + 3242*k - 1622*k + 8. What is n(0)?
8
Let y(v) = v**2 - 8*v + 8. Let r(h) = -h**3 + h**2 - 2*h + 3. Suppose -2*p + 2 = -f - 0, -5*f = -5*p. Let t be r(f). Let x be 1/t + (-62)/(-10). Give y(x).
-4
Let s(l) = -23761 + 47469 + 6*l - 23776. Determine s(20).
52
Suppose -18984*q + 44 = -18973*q. Let h(s) = 2*s**2 + 6*s - 13. Calculate h(q).
43
Let z(r) = 2. Let q(h) = -h - 7. Let o(d) = q(d) + z(d). Determine o(16).
-21
Let b(a) = -9*a + 36*a + 29 - 9*a - 13*a - 10*a. Determine b(8).
-11
Let o(g) be the third derivative of -g**5/30 + 35*g**4/12 - 83*g**3/6 + 426*g**2 - g. Give o(34).
-15
Let r(v) be the first derivative of v**3/3 - 7*v**2/2 + 9*v - 4. Suppose 5*z = 5*h - 50, -3*h = -5*h - 5*z - 8. Suppose 13*u + h*u = 114. Give r(u).
3
Suppose 49*g + 61 + 89 = 24*g. Let y(k) = -12*k - 65. Give y(g).
7
Let l = 0 - -7. Let k(p) = 3*p**3 + 9*p**2 + 5*p + 21. Let v(m) = 2*m**3 + 4*m**2 + 3*m + 12. Let j(h) = 3*k(h) - 5*v(h). Give j(l).
3
Let x be (-2)/(-6) - (-56)/12. Suppose -2*r - 5*f = -3*r, 2*r = x*f. Let d(w) = w**2 + w - 11. Calculate d(r).
-11
Let x(f) = -8*f**2 - f. Let i(l) = -2*l**3 + 27*l**2 - 10*l - 38. Let p = 114 - 101. Let q be i(p). Determine x(q).
-9
Let s(d) = -2*d - 4. Let k(h) = -9*h + 1. Let n be k(-1). Let r(q) = -2*q + n*q + q**2 - 6 + 16. Let i be r(-7). Give s(i).
-10
Let z(m) = m**2 - 18*m + 83. Suppose -3*a - 5*c = 303 - 366, 5*a + 3*c = 73. Determine z(a).
6
Suppose a - 19 = -4*g + 10, -3*g + 2*a = -19. Let c(x) = 11*x - 14*x**2 + x**3 + 8*x - 40 + 53 - g*x. Give c(13).
0
Let h(z) = -311*z - 9948. Let r be h(-32). Let f(n) = -n**2 + 36*n - 123. What is f(r)?
5
Let z(c) = 2*c**2 - c - 1. Let w(a) = 5*a - 57. Suppose -89 = -6*b - 23. Let s be w(b). Determine z(s).
9
Let s(m) = -m**3 - 6*m**2 + 3*m + 22. Let h(o) = 7*o - 4. Let l be h(0). Determine s(l).
-22
Suppose -3*r = -8*r + 70. Let p be (88/(-154))/((-4)/r). Let b(v) = -6*v - 7*v**p + 5*v**2 + v**2 + 8. Determine b(-7).
1
Let h = 282 - 279. Let q(m) = 8*m + 0